at is the ten thousands digit of 18675379?
7
What is the hundred thousands digit of 2170248?
1
What is the millions digit of 30655622?
0
What is the ten thousands digit of 984388?
8
What is the ten thousands digit of 2064577?
6
What is the thousands digit of 1653388?
3
What is the thousands digit of 41862?
1
What is the thousands digit of 23439979?
9
What is the millions digit of 2467783?
2
What is the hundred thousands digit of 4161990?
1
What is the millions digit of 1373882?
1
What is the thousands digit of 693459?
3
What is the hundred thousands digit of 337634?
3
What is the hundreds digit of 287505?
5
What is the ten thousands digit of 355145?
5
What is the thousands digit of 5059228?
9
What is the units digit of 1594523?
3
What is the hundred thousands digit of 5945545?
9
What is the ten thousands digit of 2445894?
4
What is the millions digit of 5544625?
5
What is the hundreds digit of 620694?
6
What is the thousands digit of 1616266?
6
What is the units digit of 233843?
3
What is the hundred thousands digit of 1030892?
0
What is the hundred thousands digit of 3379142?
3
What is the ten thousands digit of 15458188?
5
What is the millions digit of 30390480?
0
What is the hundreds digit of 303706?
7
What is the millions digit of 3420054?
3
What is the units digit of 529916?
6
What is the ten thousands digit of 1960977?
6
What is the hundreds digit of 1790909?
9
What is the tens digit of 5496313?
1
What is the tens digit of 6362172?
7
What is the ten thousands digit of 72206?
7
What is the ten thousands digit of 2567371?
6
What is the hundred thousands digit of 127247?
1
What is the hundred thousands digit of 7917153?
9
What is the hundreds digit of 4544803?
8
What is the tens digit of 261779?
7
What is the thousands digit of 1529893?
9
What is the hundreds digit of 639275?
2
What is the tens digit of 51860?
6
What is the tens digit of 510742?
4
What is the thousands digit of 443744?
3
What is the tens digit of 2680495?
9
What is the hundred thousands digit of 443358?
4
What is the hundred thousands digit of 1201710?
2
What is the ten thousands digit of 7933833?
3
What is the hundred thousands digit of 203654?
2
What is the hundreds digit of 252509?
5
What is the tens digit of 548601?
0
What is the hundreds digit of 21275341?
3
What is the hundreds digit of 94100?
1
What is the ten thousands digit of 290034?
9
What is the thousands digit of 87665?
7
What is the hundreds digit of 11234384?
3
What is the units digit of 8899998?
8
What is the hundred thousands digit of 2020924?
0
What is the units digit of 187854?
4
What is the thousands digit of 232076?
2
What is the ten thousands digit of 198800?
9
What is the hundred thousands digit of 4514866?
5
What is the ten thousands digit of 1383906?
8
What is the hundreds digit of 136340?
3
What is the millions digit of 1526153?
1
What is the thousands digit of 28762?
8
What is the thousands digit of 13273014?
3
What is the ten millions digit of 20012024?
2
What is the hundred thousands digit of 753535?
7
What is the hundred thousands digit of 5064957?
0
What is the units digit of 440614?
4
What is the millions digit of 6185165?
6
What is the units digit of 242682?
2
What is the hundred thousands digit of 23877052?
8
What is the ten thousands digit of 1950176?
5
What is the tens digit of 1533494?
9
What is the hundred thousands digit of 207179?
2
What is the hundred thousands digit of 157143?
1
What is the ten thousands digit of 4501863?
0
What is the tens digit of 172600?
0
What is the hundreds digit of 440117?
1
What is the ten thousands digit of 9194325?
9
What is the thousands digit of 2103332?
3
What is the thousands digit of 168942?
8
What is the hundred thousands digit of 229523?
2
What is the millions digit of 2846129?
2
What is the millions digit of 4749592?
4
What is the ten thousands digit of 2008718?
0
What is the hundred thousands digit of 810914?
8
What is the ten thousands digit of 1780507?
8
What is the thousands digit of 527396?
7
What is the tens digit of 457107?
0
What is the thousands digit of 4039?
4
What is the hundred thousands digit of 114971?
1
What is the millions digit of 12479391?
2
What is the ten thousands digit of 3197738?
9
What is the millions digit of 2348293?
2
What is the hundreds digit of 1951277?
2
What is the hundred thousands digit of 189640?
1
What is the units digit of 112328?
8
What is the ten thousands digit of 1349359?
4
What is the units digit of 171746?
6
What is the thousands digit of 1290173?
0
What is the hundreds digit of 7589228?
2
What is the hundreds digit of 1150910?
9
What is the hundred thousands digit of 3364965?
3
What is the millions digit of 2659149?
2
What is the hundreds digit of 318883?
8
What is the ten thousands digit of 92454?
9
What is the hundred thousands digit of 8413657?
4
What is the units digit of 319659?
9
What is the thousands digit of 81677?
1
What is the thousands digit of 4986367?
6
What is the hundred thousands digit of 6225071?
2
What is the hundreds digit of 5681711?
7
What is the thousands digit of 469520?
9
What is the millions digit of 7779525?
7
What is the hundreds digit of 25307203?
2
What is the thousands digit of 30284627?
4
What is the thousands digit of 3008927?
8
What is the hundreds digit of 45121?
1
What is the ten thousands digit of 1859352?
5
What is the tens digit of 5073795?
9
What is the millions digit of 4334979?
4
What is the hundred thousands digit of 443835?
4
What is the hundreds digit of 10354?
3
What is the hundreds digit of 1169922?
9
What is the tens digit of 427047?
4
What is the units digit of 3737249?
9
What is the hundreds digit of 1106303?
3
What is the tens digit of 332931?
3
What is the millions digit of 9432945?
9
What is the units digit of 460033?
3
What is the thousands digit of 254547?
4
What is the millions digit of 1138765?
1
What is the units digit of 92916?
6
What is the hundred thousands digit of 476888?
4
What is the units digit of 6413346?
6
What is the units digit of 14273350?
0
What is the units digit of 22845843?
3
What is the tens digit of 264187?
8
What is the thousands digit of 4383558?
3
What is the hundred thousands digit of 2483981?
4
What is the tens digit of 72500?
0
What is the thousands digit of 24871749?
1
What is the thousands digit of 3503981?
3
What is the ten thousands digit of 95017?
9
What is the hundred thousands digit of 782506?
7
What is the hundreds digit of 352529?
5
What is the tens digit of 286042?
4
What is the ten millions digit of 42250432?
4
What is the units digit of 10107245?
5
What is the tens digit of 67320?
2
What is the hundreds digit of 78917?
9
What is the hundred thousands digit of 28340331?
3
What is the hundreds digit of 295224?
2
What is the millions digit of 3828126?
3
What is the hundred thousands digit of 218771?
2
What is the hundreds digit of 432309?
3
What is the thousands digit of 596359?
6
What is the thousands digit of 7084576?
4
What is the thousands digit of 468484?
8
What is the thousands digit of 15450176?
0
What is the ten thousands digit of 1225760?
2
What is the tens digit of 6274?
7
What is the tens digit of 282551?
5
What is the ten thousands digit of 522494?
2
What is the ten thousands digit of 1290865?
9
What is the tens digit of 144259?
5
What is the tens digit of 209250?
5
What is the ten thousands digit of 38540?
3
What is the units digit of 2556267?
7
What is the thousands digit of 12157866?
7
What is the millions digit of 4373765?
4
What is the thousands digit of 687398?
7
What is the tens digit of 2045856?
5
What is the tens digit of 2809167?
6
What is the hundreds digit of 574274?
2
What is the millions digit of 18938975?
8
What is the hundreds digit of 741262?
2
What is the units digit of 349181?
1
What is the hundred thousands digit of 5398131?
3
What is the hundred thousands digit of 28152285?
1
What is the thousands digit of 1742629?
2
What is the ten thousands digit of 32752032?
5
What is the thousands digit of 140005?
0
What is the tens digit of 48571?
7
What is the hundred thousands digit of 12839367?
8
What is the ten thousands digit of 665640?
6
What is the ten thousands digit of 79540?
7
What is the thousands digit of 36400?
6
What is the millions digit of 1543051?
1
What is the units digit